{"id":2328,"date":"2022-09-08T11:23:24","date_gmt":"2022-09-08T09:23:24","guid":{"rendered":"https:\/\/oasis-crecy.fr\/?post_type=product&#038;p=2328"},"modified":"2022-09-14T15:51:38","modified_gmt":"2022-09-14T13:51:38","slug":"latelier","status":"publish","type":"product","link":"https:\/\/oasis-crecy.fr\/produit\/latelier\/","title":{"rendered":"L\u2019Atelier\u00a0"},"content":{"rendered":"<p>Agr\u00e9able g\u00eete de 4 personnes au c\u0153ur du village, au calme.<\/p>\n<p>Compos\u00e9 d\u2019une chambre avec lit double, t\u00e9l\u00e9vision, rangement.<\/p>\n<p>Une salle de bain \u00e9quip\u00e9 d\u2019une machine \u00e0 laver, un WC s\u00e9par\u00e9.<\/p>\n<p>Une cuisine am\u00e9nag\u00e9e et \u00e9quip\u00e9e (r\u00e9frig\u00e9rateur, cong\u00e9lateur, four, plaque de cuisson, micro-onde, cafeti\u00e8re, grille-pain, bouilloire) donnant sur la pi\u00e8ce de vie lumineuse compos\u00e9 d\u2019un canap\u00e9 convertible desservant une jolie cour privative sans vis-\u00e0-vis \u00e9quiper d\u2019un salon de jardin, barbecue \u00e0 charbon de bois et d\u2019un joli espace Spa avec sa douche.<\/p>\n<p>\u00c0 proximit\u00e9 de celui-ci se trouve une banque \u00e9quip\u00e9e d\u2019un GAB, un cin\u00e9ma, boucherie\/charcuterie, boulangerie, fromagerie, pharmacie, cabinet m\u00e9dical, supermarch\u00e9 et d\u2019autres petits commerces.<\/p>\n<p>Acc\u00e8s \u00e0 la salle de sport de 6h-23h 7j\/7, ainsi qu\u2019aux cours training. Attention, la salle est interdite pour les moins de 16ans mais accessible pour la partie billard, babyfoot et fl\u00e9chette.<\/p>\n","protected":false},"excerpt":{"rendered":"<p>Agr\u00e9able g\u00eete de 4 personnes au c\u0153ur du village, au calme. Compos\u00e9 d\u2019une chambre avec lit double, t\u00e9l\u00e9vision, rangement. Une salle de bain \u00e9quip\u00e9 d\u2019une machine \u00e0 laver, un WC s\u00e9par\u00e9. Une cuisine am\u00e9nag\u00e9e et \u00e9quip\u00e9e (r\u00e9frig\u00e9rateur, cong\u00e9lateur, four, plaque de cuisson, micro-onde, cafeti\u00e8re, grille-pain, bouilloire) donnant sur la pi\u00e8ce [&hellip;]<\/p>\n","protected":false},"featured_media":2327,"comment_status":"closed","ping_status":"closed","template":"","meta":[],"product_cat":[49],"product_tag":[],"acf":[],"aioseo_notices":[],"_links":{"self":[{"href":"https:\/\/oasis-crecy.fr\/nov-apijson\/wp\/v2\/product\/2328"}],"collection":[{"href":"https:\/\/oasis-crecy.fr\/nov-apijson\/wp\/v2\/product"}],"about":[{"href":"https:\/\/oasis-crecy.fr\/nov-apijson\/wp\/v2\/types\/product"}],"replies":[{"embeddable":true,"href":"https:\/\/oasis-crecy.fr\/nov-apijson\/wp\/v2\/comments?post=2328"}],"wp:featuredmedia":[{"embeddable":true,"href":"https:\/\/oasis-crecy.fr\/nov-apijson\/wp\/v2\/media\/2327"}],"wp:attachment":[{"href":"https:\/\/oasis-crecy.fr\/nov-apijson\/wp\/v2\/media?parent=2328"}],"wp:term":[{"taxonomy":"product_cat","embeddable":true,"href":"https:\/\/oasis-crecy.fr\/nov-apijson\/wp\/v2\/product_cat?post=2328"},{"taxonomy":"product_tag","embeddable":true,"href":"https:\/\/oasis-crecy.fr\/nov-apijson\/wp\/v2\/product_tag?post=2328"}],"curies":[{"name":"wp","href":"https:\/\/api.w.org\/{rel}","templated":true}]}}

<p>Agréable gîte de 4 personnes au cœur du village, au calme.</p>
<p>Composé d’une chambre avec lit double, télévision, rangement.</p>
<p>Une salle de bain équipé d’une machine à laver, un WC séparé.</p>
<p>Une cuisine aménagée et équipée (réfrigérateur, congélateur, four, plaque de cuisson, micro-onde, cafetière, grille-pain, bouilloire) donnant sur la pièce de vie lumineuse composé d’un canapé convertible desservant une jolie cour privative sans vis-à-vis équiper d’un salon de jardin, barbecue à charbon de bois et d’un joli espace Spa avec sa douche.</p>
<p>À proximité de celui-ci se trouve une banque équipée d’un GAB, un cinéma, boucherie/charcuterie, boulangerie, fromagerie, pharmacie, cabinet médical, supermarché et d’autres petits commerces.</p>
<p>Accès à la salle de sport de 6h-23h 7j/7, ainsi qu’aux cours training. Attention, la salle est interdite pour les moins de 16ans mais accessible pour la partie billard, babyfoot et fléchette.</p>

<p>Agréable gîte de 4 personnes au cœur du village, au calme. Composé d’une chambre avec lit double, télévision, rangement. Une salle de bain équipé d’une machine à laver, un WC séparé. Une cuisine aménagée et équipée (réfrigérateur, congélateur, four, plaque de cuisson, micro-onde, cafetière, grille-pain, bouilloire) donnant sur la pièce [&hellip;]</p>
